{"id":69,"date":"2012-05-24T21:41:11","date_gmt":"2012-05-24T21:41:11","guid":{"rendered":"http:\/\/www.neukoellner-sportfreunde.de\/?page_id=69"},"modified":"2012-05-29T14:26:43","modified_gmt":"2012-05-29T14:26:43","slug":"sportkegeln","status":"publish","type":"page","link":"http:\/\/www.neukoellner-sportfreunde.de\/?page_id=69","title":{"rendered":"Sportkegeln"},"content":{"rendered":"<h4>Sportkegeln bei den Neuk\u00f6llner Sportfreunden. Abteilung der Neuk\u00f6llner Sportfreunde seit 1934.<\/h4>\n<p><strong>Ansprechpartnerin:<\/strong><\/p>\n<p>Ingrid Jung-Fringel<br \/>\nBahnhofstra\u00dfe 4 b<br \/>\n12207 Berlin<\/p>\n<p>Tel. (030) 772 75 30<br \/>\nFax (030) 7668 3363<\/p>\n<p>E-Mail: <a href=\"mailto:sportkegeln@neukoellner-sportfreunde.de\">sportkegeln@neukoellner-sportfreunde.de<\/a><br \/>\n\u00a0<\/p>\n<p>Die Kegelsportlerinnen der Neuk\u00f6llner Sportfreunde schafften in den letzten Jahren den vollkommenen Durchmarsch von der untersten Spielklasse bis in die 1. Bundesliga, w\u00e4hrend im Herrenbereich die Asphaltkegler in der Spitzengruppe der 2. Bundesliga ebenfalls beachtliche Leistungen vollbrachten, aber leider mit dem Aufstieg in die 1. Bundesliga 2010 den Verein wechselten.<\/p>\n<p>Zahllose Berliner und Deutsche Meisterschaften wurden bereits von NSF-Keglern erspielt.<br \/>\nMit Nicole M\u00fcller haben die NSF-Kegler eine der erfolgreichsten Classic-Keglerinnen der Welt in Ihren Reihen. Als sie im Jahre 2002 gleich dreifache Weltmeisterin wurde, war sie nat\u00fcrlich auch die Nummer 1 der Weltrangliste.<\/p>\n<p>\u00a0<br \/>\nDie Erfolgsbilanz liest sich wie folgt:<\/p>\n<p>&nbsp;<\/p>\n<p align=\"justify\"><strong>2009<\/strong><\/p>\n<p align=\"justify\"><span style=\"text-decoration: underline;\">Berliner Meisterschaften<\/span><br \/>\n1. Janina Karkhoff\u00a0&#8211; 3 Bahnen<br \/>\n1. Janina Karkhoff\u00a0&#8211; 3 Bahnen Mannschaft<br \/>\n1. Andr\u00e8 Franke &#8211; 3 Bahnen Mannschaft<br \/>\n1. Andre Krause\u00a0&#8211; 3 Bahnen Junioren<br \/>\n1. Andre Krause &#8211; 3 Bahnen Mannschaft<br \/>\n1. Ursel K\u00fchnel &#8211; Bohle Damen B<br \/>\n1. Dagmar Penndorf &#8211; Bohle Damen A<\/p>\n<p>NSF 3. Mannschaft\u00a0Aufsteiger in die Oberliga<\/p>\n<p>\u00a0<br \/>\n<strong>2008<\/strong><\/p>\n<p align=\"justify\"><span style=\"text-decoration: underline;\">Berliner Meisterschaften<\/span><br \/>\n1. Petra Jacobs \u2013 Bohle Doppel<br \/>\n1. Birgit Keller \u2013 Bohle Doppel<br \/>\n1. Tina S\u00fc\u00dfmilch \u2013 Bohle Mixed<br \/>\n1. Andr\u00e8 Franke \u2013 Bohle Mixed<br \/>\n1. Ursel K\u00fchnel \u2013 Bohle Mannschaft<br \/>\n1. Dagmar Penndorf \u2013 Bohle Mannschaft<\/p>\n<p align=\"justify\"><span style=\"text-decoration: underline;\">Deutsche Meisterschaften<\/span><br \/>\n1. Dagmar Penndorf \u2013 Bohle Einzel Damen A<br \/>\n\u00a0<\/p>\n<p>&nbsp;<\/p>\n<p align=\"justify\"><strong>2007<\/strong><\/p>\n<p align=\"justify\"><span style=\"text-decoration: underline;\">Berliner Meisterschaften<\/span><br \/>\n1. Tina S\u00fc\u00dfmilch \u2013 Bohle Einzel<br \/>\n1. Tina S\u00fc\u00dfmilch \u2013 Bohle Paar<br \/>\n1. Tina S\u00fc\u00dfmilch \u2013 Bohle Mannschaft<br \/>\n1. Andrea Stenzel \u2013 Bohle Paar<br \/>\n1. Andrea Stenzel \u2013 Bohle Mannschaft<br \/>\n1. Petra Jacobs \u2013 Bohle Mixed<br \/>\n1. Petra Jacobs \u2013 Bohle Mannschaft<br \/>\n1. Ursel K\u00fchnel \u2013 Bohle Mannschaft<br \/>\n1. Ursel K\u00fchnel \u2013 NSF-Landesliga Mannschaft<br \/>\n1. Dagmar Penndorf \u2013 NSF-Landesliga Mannschaft<br \/>\n1. Nicole Franke-Cassube \u2013 NSF-Landesliga Mannschaft<br \/>\n1. Jacqueline Hennig \u2013 NSF-Landesliga Mannschaft<br \/>\n1. Ingrid Jung-Fringel \u2013 NSF-Landesliga Mannschaft<br \/>\n1. Monika Scholz \u2013 NSF-Landesliga Mannschaft<\/p>\n<p align=\"left\"><span style=\"text-decoration: underline;\">Deutsche Meisterschften<\/span><br \/>\n2. Petra Jacobs \u2013 Bohle Paar<br \/>\n1. Dagmar Penndorf \u2013 Bohle Einzel Damen A<br \/>\n\u00a0<\/p>\n<p>&nbsp;<\/p>\n<p align=\"left\"><strong>2006<\/strong><\/p>\n<p align=\"justify\"><span style=\"text-decoration: underline;\">Berliner Meisterschaften<\/span><br \/>\n1. Tina S\u00fc\u00dfmilch \u2013 Bohle Einzel<br \/>\n1. Dagmar Penndorf \u2013 Bohle Einzel Damen A<br \/>\n1. Nicole Franke-Cassube \u2013 Bohle Mixed<br \/>\n1. Andre Franke \u2013 Dreibahnen Einzel<br \/>\n1. Andre Franke \u2013 Dreibahnen Mannschaft<\/p>\n<p><span style=\"text-decoration: underline;\">Deutsche Meisterschaften<\/span><br \/>\n1. Andre Franke \u2013 Dreibahnen Mannschaft<\/p>\n<p align=\"justify\"><strong>2005<\/strong><\/p>\n<p align=\"justify\"><span style=\"text-decoration: underline;\">Berliner Meisterschaften<\/span><br \/>\n1. NSF 2. Damen \u2013 Bohle Vereinsmeister<br \/>\n1. NSF 3. M\u00e4nner &#8211; Aufsteiger in die Liga<br \/>\n1. Andre Franke \u2013 Dreibahnen Einzel<br \/>\n1. Andre Franke \u2013 Dreibahnen Mannschaft<br \/>\n1. Petra Jacobs \u2013 Bohle Mixed<\/p>\n<p align=\"justify\"><span style=\"text-decoration: underline;\">Deutsche Meisterschaften<\/span><br \/>\n3. Birgit Keller &#8211; Bohle Damen Mannschaft<br \/>\n3. Petra Jacobs &#8211; Bohle Damen Mannschaft<br \/>\n3. Andrea Stenzel &#8211; Bohle Damen Mannschaft<br \/>\n2. Andrea Stenzel \u2013 Bohle Einzel<br \/>\n2. Andrea Stenzel \u2013 Bohle Mixed<br \/>\n1. Andre Franke \u2013 Dreibahnen Einzel<\/p>\n<p align=\"justify\"><span style=\"text-decoration: underline;\">Weltmeisterschaften<\/span><br \/>\n2. Nicole M\u00fcller \u2013 Classic Mannschaft<br \/>\n\u00a0<\/p>\n<p>&nbsp;<\/p>\n<p align=\"justify\"><strong>2004<\/strong><\/p>\n<p align=\"justify\"><span style=\"text-decoration: underline;\">Berliner Meisterschaften<\/span><br \/>\n1. Petra Jacobs &#8211; Bohle Einzel<br \/>\n1. Petra Jacobs &#8211; Bohle Paar<br \/>\n1. Petra Jacobs &#8211; Bohle Mannschaft<br \/>\n1. Tina S\u00fc\u00dfmilch &#8211; Bohle Mixed<br \/>\n1. Tina S\u00fc\u00dfmilch &#8211; Bohle Mannschaft<br \/>\n1. Dagmar Penndorf &#8211; Bohle Einzel<br \/>\n1. Birgit Keller &#8211; Bohle Paar<br \/>\n1. Andrea Stenzel &#8211; Bohle Mannschaft<br \/>\n1. Ingrid Cassube &#8211; Bohle Mannschaft<\/p>\n<p><span style=\"text-decoration: underline;\">Deutsche Meisterschaften<\/span><br \/>\n1. Petra Jacobs &#8211; Dreibahnen Mannschaft<br \/>\n1. Tina S\u00fc\u00dfmilch &#8211; Dreibahnen Mannschaft<br \/>\n1. Andre Franke- Dreibahnen Einzel<\/p>\n<p align=\"justify\"><span style=\"text-decoration: underline;\">Weltmeisterschaften<\/span><br \/>\n1. Nicole M\u00fcller &#8211; Mannschaft\u00a0 Classic<br \/>\nNicole M\u00fcller &#8211; Nummer 1 der Weltrangliste<br \/>\n\u00a0<\/p>\n<p>\u00a0<br \/>\n<strong>2003<\/strong><br \/>\n<span style=\"text-decoration: underline;\">Berliner Meisterschaften<\/span><br \/>\n1. Tina S\u00fc\u00dfmilch &#8211; Bohle Einzel und Mannschaft<br \/>\n1. Birgit Keller &#8211; Bohle Mannschaft<br \/>\n1. Jacqueline Hennig &#8211; Bohle Mannschaft<br \/>\n1. Dagmar Penndorf &#8211; Bohle Einzel Damen A<br \/>\n1. Ingrid Jung-Fringel &#8211; Dreibahnen Mannschaft Damen A<br \/>\n1. Andre Franke &#8211; Bohle Einzel und Mannschaft<\/p>\n<p><span style=\"text-decoration: underline;\">Deutsche Meisterschaften<\/span><br \/>\n1. Nicole M\u00fcller &#8211;\u00a0 Classic Einzel<br \/>\n1. Andre Franke &#8211; Bohle Einzel<\/p>\n<p>\u00a0<br \/>\n<strong>2002<\/strong><\/p>\n<p align=\"justify\"><span style=\"text-decoration: underline;\">Berliner Meisterschaften<\/span><\/p>\n<p align=\"justify\">3. Tina S\u00fc\u00dfmilch &#8211; Bohle Einzel<br \/>\n1. Tina S\u00fc\u00dfmilch &#8211; Bohle Doppel<br \/>\n1. Tina S\u00fc\u00dfmilch &#8211; Bohle Mixed<br \/>\n1. Tina S\u00fc\u00dfmilch &#8211; Bohle Mannschaft<br \/>\n1. Ingrid Jung-Fringel &#8211; Classic Mannschaft<br \/>\n2. Petra Jacobs &#8211; Bohle Mixed<br \/>\n2. Petra Jacobs &#8211; Dreibahnen Einzel<br \/>\n1. Petra Jacobs &#8211; Bohle Mannschaft<br \/>\n1. Petra Jacobs &#8211; Bohle Einzel<br \/>\n1. Sabine Wittke &#8211; Bohle Doppel<\/p>\n<p><span style=\"text-decoration: underline;\">Deutsche Meisterschaften<\/span><\/p>\n<p align=\"justify\">3. Tina S\u00fc\u00dfmilch &#8211; Bohle Einzel<br \/>\n3. Tina S\u00fc\u00dfmilch &#8211; Bohle Mixed<br \/>\n3. Andre Franke &#8211; Bohle Einzel<br \/>\n3. Andre Franke &#8211; Dreibahnen Mixed<br \/>\n3. Andre Franke &#8211; Dreihbahnen Mannschaft<br \/>\n2. Andre Franke &#8211; Bohle Mannschaft<br \/>\n1. Andre Franke &#8211; Dreihbahnen Einzel<\/p>\n<p align=\"justify\"><span style=\"text-decoration: underline;\">Weltmeisterschaften<\/span><\/p>\n<p align=\"justify\">2. Nicole M\u00fcller &#8211; Classic Mannschaft<br \/>\n1. Nicole M\u00fcller &#8211; Classic Doppel<br \/>\n1. Nicole M\u00fcller &#8211; Classic Kombination<br \/>\n1. Nicole M\u00fcller &#8211; Classic Einzel<br \/>\nNicole M\u00fcller &#8211; Nummer 1 der Weltrangliste<\/p>\n<p>&nbsp;<\/p>\n<p align=\"justify\"><strong>2001<\/strong><\/p>\n<p align=\"left\"><span style=\"text-decoration: underline;\">Berliner Meisterschaften<\/span><br \/>\n3. Carsten Sturm \u2013 Bohle Mannschaft<br \/>\n2. Nicole Franke &#8211; Dreibahnen Mannschaft<br \/>\n2. Andre Franke \u2013 Bohle Paar<br \/>\n2. Tina S\u00fc\u00dfmilch \/ Andre Franke \u2013 Bohle Mixed<br \/>\n1. Tina S\u00fc\u00dfmilch \u2013 Bohle Einzel<br \/>\n1. NSF \u2013 Bohle Mannschaft<br \/>\n1. Andre Franke \u2013 Bohle Einzel<br \/>\n1. Andre Franke \u2013 Bohle Mannschaft<br \/>\n1. Andre Franke \u2013 Dreibahnen Einzel<br \/>\n1. Andre Franke \u2013 Dreibahnen Mannschaft<br \/>\n1. Petra Jacobs \u2013 Dreibahnen Einzel<br \/>\n1. Petra Jacobs \u2013 Dreibahnen Mannschaft<\/p>\n<p><span style=\"text-decoration: underline;\">Deutsche Meisterschaften<\/span><br \/>\n3. Tina S\u00fc\u00dfmilch \/ Andre Franke \u2013 Bohle Mixed<br \/>\n1. Andre Franke \u2013 Bohle Einzel<\/p>\n<p align=\"left\"><strong>2000<\/strong><\/p>\n<p align=\"left\"><span style=\"text-decoration: underline;\">Berliner Meisterschaften<\/span><br \/>\n3. Nicole Franke \/ Andre Franke \u2013 Bohle Mixed<br \/>\n3. Birgit Keller \u2013 Bohle Einzel<br \/>\n3. Nicole Franke \u2013 Bohle Juniorinnen<br \/>\n2. Nicole Franke \u2013 Dreibahnen Juniorinnen<br \/>\n2. Petra Jacobs \u2013 Bohle Einzel<br \/>\n2. Petra Jacobs \u2013 Bohle Mannschaft<br \/>\n2. Birgit Keller \u2013 Bohle Mannschaft<br \/>\n2. Petra Jacobs \u2013 Bohle Mixed<br \/>\n1. Birgit Keller \/ Petra Jacobs &#8211; Paar Bohle<br \/>\n1. Petra Jacobs \u2013 Dreibahnen Einzel<br \/>\n1. Carsten Sturm \u2013 Bohle Mannschaft<br \/>\n1. NSF \u2013 Vereinsmeister Bohle Herren<\/p>\n<p><span style=\"text-decoration: underline;\">Deutsche Meisterschaften<\/span><br \/>\n3. Andre Franke \u2013 Bohle Paar<br \/>\n1. Petra Jacobs &#8211; Dreibahnen Einzel<br \/>\n1. Carsten Sturm &#8211; Dreibahnen Mannschaft<br \/>\n1. Andre Franke &#8211; Dreibahnen Mannschaft<br \/>\n1. Andre Franke \u2013 Dreibahnen Einzel<\/p>\n<p><span style=\"text-decoration: underline;\">Weltmeisterschaften<\/span><br \/>\n1. Nicole M\u00fcller (Klehr) &#8211; Asphalt Mannschaft Damen<\/p>\n<p align=\"left\"><strong>1999<\/strong><\/p>\n<p align=\"left\"><span style=\"text-decoration: underline;\">Berliner Meisterschaften<\/span><br \/>\n3. Tina Valendieck \u2013 Bohle Einzel<br \/>\n3. Petra Jacobs \/ Birgit Keller \u2013 Bohle Paar<br \/>\n3. Petra Jacobs \u2013 Bohle Mixed<br \/>\n3. Ingrid Jung-Fringel \u2013 Dreibahnen Mannschaft<br \/>\n3. Nicole Franke \u2013 Dreibahnen Mannschaft<br \/>\n2. Nicole Franke \u2013 Bohle Juniorinnen<br \/>\n2. Nicole Franke \u2013 Dreibahnen Juniorinnen<br \/>\n2. Petra Jacobs \u2013 Bohle Einzel<br \/>\n2. Petra Jacobs \u2013 Bohle Mannschaft<br \/>\n2. Sabine Wittke \u2013 Bohle Mannschaft<br \/>\n2. Tina Valendieck \u2013 Bohle Mannschaft<br \/>\n2. Tina Valendieck \u2013 Bohle Mixed<br \/>\n1. NSF \u2013 Bohle Vereinsmeister Damen<br \/>\n1. Nicole Klehr \u2013 Asphalt Einzel<br \/>\n1. Nicole Franke \/ Andre Franke &#8211; Mixed Bohle<br \/>\n1. Ingrid Jung-Fringel \u2013 Bohle Mannschaft<br \/>\n1. Carsten Sturm \u2013 Bohle Mannschaft<br \/>\n1. Tina Valendieck \u2013 Dreibahnen Mannschaft<br \/>\n1. Nicole Franke \/ Andre Franke \u2013 Bohle Mixed<\/p>\n<p><span style=\"text-decoration: underline;\">Deutsche Meisterschaften<\/span><br \/>\n2. Nicole Franke \/ Andre Franke &#8211; Mixed Bohle<br \/>\n2. Nicole Franke \u2013 Dreibahnen Juniorinnen<\/p>\n<p align=\"left\"><strong>1998<\/strong><\/p>\n<p align=\"left\"><span style=\"text-decoration: underline;\">Berliner Meisterschaften<\/span><br \/>\n1. NSF \u2013 Bohle Vereinsmeister Herren<br \/>\n1. Tina Valendieck &#8211; Bohle Einzel<br \/>\n1. Tina Valendieck &#8211; Dreibahnen Einzel<br \/>\n1. Ingrid Jung-Fringel \u2013 Asphalt Mannschaft<\/p>\n<p><span style=\"text-decoration: underline;\">Deutsche Meisterschaften<\/span><br \/>\n1. Ingrid Jung-Fringel \u2013 Asphalt Mannschaft<\/p>\n<p align=\"left\"><strong>1997<\/strong><\/p>\n<p align=\"left\"><span style=\"text-decoration: underline;\">VBS-Meisterschaften<\/span><br \/>\n1. Tina Valendieck &#8211; Bohle Einzel<br \/>\n1. Nicole Klehr &#8211; Dreibahnen Juniorinnen<\/p>\n<p><span style=\"text-decoration: underline;\">Berliner Meisterschaften<\/span><br \/>\n1. Tina Valendieck \u2013 Dreibahnen Einzel<\/p>\n<p>Aufstieg der 1. Mannschaft von der Landesliga in die 1. Bundesliga<\/p>\n<p align=\"left\"><strong>1996<\/strong><\/p>\n<p align=\"left\"><span style=\"text-decoration: underline;\">VBS-Meisterschaften<\/span><br \/>\n1. Birgit Keller \u2013 Bohle Einzel<br \/>\n1. Petra Jacobs \/ Birgit Keller &#8211; Bohle Paar<br \/>\n1. Birgit Keller \u2013 Bohle Mixed<\/p>\n<p><span style=\"text-decoration: underline;\">Berliner Meisterschaften<\/span><br \/>\n1. Nicole Klehr \u2013 Aspahlt Juniorinnen<br \/>\n1. Petra Jacobs \u2013 Bohle Einzel<br \/>\n1. Petra Jacobs \u2013 Bohle Mixed<\/p>\n<p>1. Mannschaft belegt Platz 2 in der Landesliga<\/p>\n<p align=\"left\"><strong>1995<\/strong><\/p>\n<p align=\"left\"><span style=\"text-decoration: underline;\">VBS-Meisterschaften<\/span><br \/>\n1. Birgit Keller \u2013 Bohle Einzel<br \/>\n1. Petra Jacobs \/ Birgit Keller &#8211; Bohle Paar<\/p>\n<p>Aufstieg der 1. Mannschaft von der Oberliga in die Landesliga<\/p>\n<p align=\"left\"><strong>1994<\/strong><\/p>\n<p align=\"left\"><span style=\"text-decoration: underline;\">VBS-Meisterschaften<\/span><br \/>\n1. Tina Valendieck \u2013 Bohle Juniorinnen<br \/>\n1. Nicole Klehr \u2013 Asphalt Juniorinnen<br \/>\n1. Nicole Klehr &#8211; Dreibahnen Juniorinnen<\/p>\n<p><span style=\"text-decoration: underline;\">Berliner Meisterschaften<\/span><br \/>\n1. Nicole Klehr \u2013 Aspahlt Juniorinnen<br \/>\n1. Nicole Klehr &#8211; Dreibahnen Juniorinnen<br \/>\n1. Petra Jacobs \u2013 Dreibahnen Einzel<\/p>\n<p><span style=\"text-decoration: underline;\">Deutsche Meisterschaften<\/span><br \/>\n1. Petra Jacobs \/ Birgit Keller Bohle Paar<\/p>\n<p>Aufstieg der 1. Mannschaft von der Liga in die Oberliga<\/p>\n","protected":false},"excerpt":{"rendered":"<p>Sportkegeln bei den Neuk\u00f6llner Sportfreunden. Abteilung der Neuk\u00f6llner Sportfreunde seit 1934. Ansprechpartnerin: Ingrid Jung-Fringel Bahnhofstra\u00dfe 4 b 12207 Berlin Tel. (030) 772 75 30 Fax (030) 7668 3363 E-Mail: sportkegeln@neukoellner-sportfreunde.de \u00a0 Die Kegelsportlerinnen der Neuk\u00f6llner Sportfreunde schafften in den letzten &hellip; <a href=\"http:\/\/www.neukoellner-sportfreunde.de\/?page_id=69\">Weiterlesen <span class=\"meta-nav\">&rarr;<\/span><\/a><\/p>\n","protected":false},"author":1,"featured_media":0,"parent":38,"menu_order":0,"comment_status":"closed","ping_status":"closed","template":"","meta":{"footnotes":""},"class_list":["post-69","page","type-page","status-publish","hentry"],"_links":{"self":[{"href":"http:\/\/www.neukoellner-sportfreunde.de\/index.php?rest_route=\/wp\/v2\/pages\/69","targetHints":{"allow":["GET"]}}],"collection":[{"href":"http:\/\/www.neukoellner-sportfreunde.de\/index.php?rest_route=\/wp\/v2\/pages"}],"about":[{"href":"http:\/\/www.neukoellner-sportfreunde.de\/index.php?rest_route=\/wp\/v2\/types\/page"}],"author":[{"embeddable":true,"href":"http:\/\/www.neukoellner-sportfreunde.de\/index.php?rest_route=\/wp\/v2\/users\/1"}],"replies":[{"embeddable":true,"href":"http:\/\/www.neukoellner-sportfreunde.de\/index.php?rest_route=%2Fwp%2Fv2%2Fcomments&post=69"}],"version-history":[{"count":0,"href":"http:\/\/www.neukoellner-sportfreunde.de\/index.php?rest_route=\/wp\/v2\/pages\/69\/revisions"}],"up":[{"embeddable":true,"href":"http:\/\/www.neukoellner-sportfreunde.de\/index.php?rest_route=\/wp\/v2\/pages\/38"}],"wp:attachment":[{"href":"http:\/\/www.neukoellner-sportfreunde.de\/index.php?rest_route=%2Fwp%2Fv2%2Fmedia&parent=69"}],"curies":[{"name":"wp","href":"https:\/\/api.w.org\/{rel}","templated":true}]}}